t c(r) = r + 12. Let y be c(5). Let v = y + -14. Suppose 150 = 5*m - 3*m - g, 223 = v*m - g. What are the prime factors of m?
73
Suppose -54*c + 56*c + 24 = 3*k, 0 = -k + 8. Let p = 7 - 4. Suppose -p*y + 89 - 53 = c. List the prime factors of y.
2, 3
Suppose 216 = 23*k + k. Suppose k*z + z = 3770. What are the prime factors of z?
13, 29
Let o = -4945 - -11312. List the prime factors of o.
6367
Let h be (-255570)/(-49)*(-28)/(-4). Suppose 10806 = -24*i + h. List the prime factors of i.
3, 7, 17
Suppose 21*r + 23*r - 165495 = -7*r. List the prime factors of r.
5, 11, 59
Let x = 22 + -111. Let j be 172 + -1 + 12 + 2. Let d = j + x. List the prime factors of d.
2, 3
Let z be (12 - 9) + (0 - 0) - 4. Let n be (z + -3)*15/(-20). Suppose 0*l + 143 = v - n*l, -l + 429 = 3*v. What are the prime factors of v?
11, 13
What are the prime factors of 1/(-4) + (-4914370)/(-904)?
2, 3, 151
Let g be 214/(3*4/42). Let w = 1334 - g. List the prime factors of w.
3, 5, 13
Let l(t) = -t**2 + 13*t + 17. Let q be l(13). Let r = 289 - q. List the prime factors of r.
2, 17
Let u = 163 - -12823. What are the prime factors of u?
2, 43, 151
Suppose -4*m + 4644 = 3*w, 8*w - 13*w - 5*m = -7735. What are the prime factors of w?
2, 193
Suppose 631*m = 672*m - 580027. List the prime factors of m.
7, 43, 47
Suppose 13*l - 5*g = 9*l + 28, 0 = l + 2*g - 7. Suppose -l*h = h - 920. List the prime factors of h.
5, 23
Let r = -489 - -487. List the prime factors of r/(4 + 6972/(-1742)).
13, 67
Let c be (-1 + -5 + 1)*22840/(-200). Let l = c - 408. List the prime factors of l.
163
Let f be (11 + -16)/((-1)/1). Suppose -2*t = -4*n - 1426, -4*t + f*n = 3*n - 2864. What are the prime factors of t?
3, 239
Let u(a) = 13*a**2 - 5*a. Let l be u(2). Let k = l - 25. Let m = 1 + k. What are the prime factors of m?
2, 3
Suppose 164*i - 4*g + 7836 = 166*i, -3*i - 4*g = -11764. What are the prime factors of i?
2, 491
Suppose -9*l = -62394 + 6756. What are the prime factors of l?
2, 11, 281
Suppose 2*m + 10 - 22 = v, 0 = -5*m + 15. Let u be ((-14)/v - 3)*336. Let p = -40 - u. What are the prime factors of p?
2, 23
Let u(t) = -101*t**3 - 4*t**2 - 79*t - 280. What are the prime factors of u(-4)?
2, 1609
Let v(t) be the third derivative of 5/6*t**3 + 0 - 23*t**2 + 0*t - 83/24*t**4. List the prime factors of v(-3).
2, 127
Let t be (-1)/(3 + -5 + 1). Let q(h) = -4*h**2 + 8*h + 58. Let d(s) = s**2 - s - 1. Let m(w) = t*q(w) + 5*d(w). What are the prime factors of m(0)?
53
Suppose -2 = -5*d - 3*m, -2*d - d = 3*m. Let v(o) = 69*o**2. List the prime factors of v(d).
3, 23
Suppose -29*k = -16*k. What are the prime factors of (k - 60)/(-4 + 7/2)?
2, 3, 5
Let z = 221 - 181. Suppose -17010 = -z*w + 22*w. What are the prime factors of w?
3, 5, 7
Suppose -693*f = -686*f - 104118. List the prime factors of f.
2, 3, 37, 67
Let p be 30*(0 + 28/(-35)). What are the prime factors of (-23 - -2*1)/(p/408)?
3, 7, 17
Suppose 1008298 = 63*k + 295138. What are the prime factors of k?
2, 5, 283
Let y be -6*20/15*-30. What are the prime factors of ((-782)/102)/((-2)/y)?
2, 5, 23
Let v be (-2)/(-3) - 238/6. Let o be (-366)/(-18)*21/7. Let n = o + v. What are the prime factors of n?
2, 11
Suppose 10*z = 57 - 77. What are the prime factors of ((-1)/(z/(-12)))/(138/(-26312))?
2, 11, 13
Suppose -222104 = -60*w + 1024696. List the prime factors of w.
2, 5, 1039
Let m(v) = 5*v**3 - 10*v**2 + 35*v + 13. Let w be m(11). Suppose -17*z + w = -3150. List the prime factors of z.
23
What are the prime factors of -10 + -505*(9 + -11)?
2, 5
Suppose 4*n = p - 6, 37 = 3*p + n - 46. Let k(b) = b**2 - 19*b + 9. What are the prime factors of k(p)?
191
Suppose 35126 = 2*t - 2*j, 2*t - 3*j = 8591 + 26542. List the prime factors of t.
2, 3, 7, 11, 19
Let j(n) = -n**3 + 50*n**2 - 9*n - 462. List the prime factors of j(49).
2, 7, 107
Let d(q) = 11*q**2 + 30*q + 618. What are the prime factors of d(-29)?
8999
Suppose 213*g + 4018591 - 6221720 = 5555183. What are the prime factors of g?
2, 29, 157
Let a = 36 - 22. Let j(w) = -17*w - a + 29 - 3*w. List the prime factors of j(-8).
5, 7
Suppose -16 = -105*p + 107*p, 5*m - 70940 = -5*p. List the prime factors of m.
2, 3, 7, 13
Let f(d) = 4487*d + 403. What are the prime factors of f(14)?
191, 331
Let k be (3/(-2))/((-171)/18 + 9). Suppose 364 = k*j - 824. What are the prime factors of j?
2, 3, 11
Let j be (-1)/3 + 7581/9 + -4. Let u = j + -480. List the prime factors of u.
2, 179
Suppose 3*v = 3*o - 447, -3*v - 11 - 290 = -2*o. Suppose 0 = -o*x + 140*x + 1422. What are the prime factors of x?
3, 79
Let a(d) = d**2 - 24*d + 99. Let o(q) = 80*q - 160. Let x be o(2). What are the prime factors of a(x)?
3, 11
Suppose 0 = -4*k - 5*j + 13, -2*j = -j - 1. Suppose -k*b = -3*l + 19 - 2, 4*l - b = 31. What are the prime factors of l?
3
Suppose 10046 = -2*v - f + 39634, 4*v = 2*f + 59152. What are the prime factors of v?
7, 2113
Suppose -2951 = h - 4*j, 3*h + 6*j + 8785 = j. Let g be 195/26*50/(-45) + 10/(-6). What are the prime factors of (-2)/(-4) + h/g?
2, 3, 7
Let m(i) = 6*i + 12. Let u be m(-3). Let n(w) = -9 - w**3 + w + 5*w - 4*w**2 - 14*w. List the prime factors of n(u).
3, 37
Let y(c) = 37*c + 108. Suppose -92 = -9*x + 7. What are the prime factors of y(x)?
5, 103
Let f(q) = 90*q. Let v be f(1). Suppose o - 4*o = -v. Suppose 6*t - t = o. What are the prime factors of t?
2, 3
Let k = 7523 - 2779. What are the prime factors of k?
2, 593
Suppose -2*d = 3*f - 5515, -5*d - f = 4*f - 13800. Suppose -6*g + d = 203. List the prime factors of g.
7, 61
Suppose -o - 8*x + 25 = -3*x, -o = 3*x - 15. Suppose o = 8*g - 294 - 146. What are the prime factors of g?
5, 11
Let t(d) = -8415*d + 3421. What are the prime factors of t(-5)?
2, 11, 47
Let r(f) = 2*f**3 - 29*f**2 + 9*f - 7. Let w(g) = 4*g + 71. Let l be w(-14). List the prime factors of r(l).
353
Suppose -22285 + 188217 = 13*g. What are the prime factors of g?
2, 3191
Let s(t) = -t**3 + 8*t**2 + 3*t + 4. Let n be s(11). Let u = 673 + n. What are the prime factors of u?
347
Let r = 5591 + 12700. List the prime factors of r.
3, 7, 13, 67
Suppose -12*v + 10*v = -22. Suppose 2*l - 3 = -v, -326 = 5*z + 4*l. What are the prime factors of 0 + z*(-4)/8?
31
Suppose -4*u - 809 = -c - 75, 1446 = 2*c + 3*u. Let o = c + -193. What are the prime factors of o?
13, 41
Let i = -16 + 10. Let v(n) = 27 + 20 + 4 - 22 + 2 - 7*n. List the prime factors of v(i).
73
Suppose m + 129 = -4*s, 0 = -m - 0*m - 3*s - 126. Let q = m - -124. Suppose 0 = q*h - 11*h + 328. What are the prime factors of h?
2, 41
Let g be (1/(-1))/(138/36 - 4). Suppose 5*c + 476 = y, -2*y = c - g*c - 927. List the prime factors of y.
11, 41
Let x(y) = -44*y + 41. Let c be x(1). List the prime factors of (47606/39)/(((-4)/c)/2).
1831
Let z(r) be the third derivative of -1/4*r**4 + 1/3*r**3 - 16*r**2 + 0 + 0*r. What are the prime factors of z(-1)?
2
Suppose -72 = 10*c - 6*c. Let z be 3/(c/(-112)*(-8)/(-12)). Let o(a) = 10*a - 71. List the prime factors of o(z).
11, 19
Let g(u) = 55*u**2 + 24*u - 213. List the prime factors of g(17).
2, 5, 1609
Let u(t) = 220*t + 20. Let q(i) = -i - 2. Let y(f) = -q(f) + u(f). List the prime factors of y(2).
2, 29
Suppose -3*w = 4*z + z - 146, w - 4*z - 60 = 0. Let n = 80 - w. Let h = n + -6. List the prime factors of h.
2, 11
What are the prime factors of ((-118480)/(-28))/((-100)/(-350))?
2, 5, 1481
Let c(h) = 5*h - 61. Let f be c(15). Suppose -19*x = -f*x - 1585. List the prime factors of x.
317
Let d(l) = -l + 21. Let i be d(11). Let x(s) = -2*s**2 + 3*s**2 - 3 - 11*s - i - 1. What are the prime factors of x(14)?
2, 7
Suppose 48*v - 50*v = 1082. Let n = v - -952. List the prime factors of n.
3, 137
Suppose -x + 3*d - 11 = -7, -4 = x - 2*d. List the prime factors of (6/x)/((-3)/36).
2, 3
Let t(p) = p**3 + 5*p**2 - 6. Let x be t(-5). What are the prime factors of (x/15)/(12/(-15870))?
23
Suppose 428*x = 406*x + 56848. What are the prime factors of x?
2, 17, 19
Suppose 0 = 5*b + 76*b. Let h(m) = -18*m - 1. Let p be h(-4). Suppose b = -4*c + 343 - p. List the prime factors of c.
2, 17
Let m(p) = -p**2 - p + 79. Let u be m(0). Suppose -2*t - 514 = 3*t - 494. Let i = u - t. What are the prime factors of i?
83
Let x(s) = 46*s + 3. Let n be 1/((-16)/17 + 9/9). Let c be x(n). Suppose -4*g = g - 